alse
Is 102 a factor of 166876284?
True
Is 1187 a factor of 207677520?
True
Does 655 divide 72796356?
False
Does 34 divide 12166301?
False
Is 64 a factor of 10914299?
False
Does 3046 divide 85108286?
True
Is 562 a factor of 1019284788?
True
Does 95 divide 372692183?
False
Does 983 divide 19263760?
False
Is 513 a factor of 83769383?
False
Does 1113 divide 213768932?
False
Is 311857 a multiple of 1262?
False
Is 21 a factor of 42667985?
False
Is 392054847 a multiple of 185?
False
Is 845 a factor of 111026240?
True
Is 53 a factor of 808241891?
True
Is 82 a factor of 81217778?
False
Is 2494 a factor of 94659311?
False
Is 2451402 a multiple of 131?
False
Is 9242460876 a multiple of 11?
True
Is 4 a factor of 1616843?
False
Is 10 a factor of 800458813?
False
Is 51 a factor of 3618047188?
False
Is 15 a factor of 2914628722?
False
Is 17705397 a multiple of 2033?
True
Is 1454030257 a multiple of 103?
False
Is 12 a factor of 42755000?
False
Is 10 a factor of 615787693?
False
Is 290142450 a multiple of 15?
True
Is 85 a factor of 384394225?
True
Is 49471840 a multiple of 34?
False
Does 643 divide 8695932?
True
Is 1189891760 a multiple of 179?
True
Is 98005824 a multiple of 36?
True
Does 7 divide 1414694673?
True
Does 35 divide 661017245?
True
Is 34 a factor of 45994889?
False
Is 420 a factor of 104403025?
False
Is 217 a factor of 7539181?
False
Is 2217 a factor of 455247648?
True
Does 1819 divide 83524897?
False
Is 153545670 a multiple of 45?
True
Is 269 a factor of 34600410?
False
Is 4569448216 a multiple of 35?
False
Is 652055786 a multiple of 22?
False
Is 233095144 a multiple of 431?
True
Is 311 a factor of 83320407?
False
Is 93 a factor of 9455867?
False
Does 2887 divide 795977657?
True
Is 2004749 a multiple of 23?
True
Is 853090038 a multiple of 9?
True
Does 12 divide 370560?
True
Does 219 divide 468459972?
False
Is 725 a factor of 303299303?
False
Is 72 a factor of 170370144?
True
Does 52 divide 806170092?
True
Is 96 a factor of 1017562656?
True
Does 2240 divide 1675318400?
True
Is 2487 a factor of 265129122?
True
Is 123 a factor of 14312944?
False
Is 1432 a factor of 17439890?
False
Is 57137171 a multiple of 134?
False
Does 136 divide 3848427360?
True
Does 65 divide 61044950?
False
Does 721 divide 58877581?
True
Is 8788091230 a multiple of 99?
False
Is 371873260 a multiple of 2266?
True
Is 138415140 a multiple of 1461?
True
Is 417 a factor of 22502489?
False
Does 147 divide 112364063?
False
Does 37 divide 125582847?
True
Is 160239787 a multiple of 15?
False
Does 828 divide 22481028?
True
Does 125 divide 88915474?
False
Is 19468449 a multiple of 2?
False
Is 7767317148 a multiple of 732?
True
Does 194 divide 12399510?
True
Is 26336707 a multiple of 7?
False
Is 138 a factor of 329606969?
False
Is 31286713 a multiple of 176?
False
Is 2628 a factor of 92779181?
False
Is 90 a factor of 6423300?
True
Is 37 a factor of 14267756?
False
Is 666159604 a multiple of 2689?
False
Is 145763652 a multiple of 315?
False
Is 48793605 a multiple of 37?
False
Does 445 divide 17317710?
False
Is 1295 a factor of 49915310?
False
Is 25 a factor of 49819946?
False
Is 35 a factor of 11041730?
True
Is 324 a factor of 126760464?
True
Does 4055 divide 481592228?
False
Does 46 divide 25418362?
False
Is 5682550068 a multiple of 15084?
True
Is 4553633214 a multiple of 2511?
True
Does 192 divide 1919587584?
True
Is 40982448 a multiple of 24?
True
Is 23239229 even?
False
Is 5 a factor of 34079100?
True
Is 7335 a factor of 376785070?
False
Is 21467307 a multiple of 2248?
False
Is 249 a factor of 145421727?
True
Does 3693 divide 39393231?
True
Is 5 a factor of 13115810?
True
Is 4305 a factor of 1752449265?
True
Is 846796523 a multiple of 49?
False
Is 82435518 a multiple of 75?
False
Is 848407673 a multiple of 1268?
False
Is 480464340 a multiple of 7836?
True
Does 230 divide 2327510070?
True
Is 16 a factor of 4359424?
True
Does 2 divide 50920652?
True
Does 1648 divide 1681296192?
True
Is 4687309525 a multiple of 397?
True
Does 2599 divide 158158561?
False
Is 143089840 a multiple of 11?
False
Is 181 a factor of 291188456?
True
Is 15 a factor of 4092974?
False
Is 2628968738 a multiple of 22?
True
Does 1733 divide 92095086?
True
Is 50 a factor of 5698481?
False
Does 8 divide 179093157?
False
Does 73 divide 90004018?
False
Does 10 divide 557642140?
True
Is 6 a factor of 234599358?
True
Is 25 a factor of 687507950?
True
Is 196 a factor of 87192168?
True
Is 26531106 a multiple of 10?
False
Is 8675 a factor of 698120091?
False
Is 1700115729 a multiple of 3939?
True
Is 8207019 a multiple of 118?
False
Does 412 divide 37623016?
True
Is 73 a factor of 8361724?
False
Is 2639670 even?
True
Is 90 a factor of 219271863?
False
Does 3103 divide 48366461?
True
Is 87437371 a multiple of 5131?
True
Is 42 a factor of 95370576?
True
Is 6 a factor of 9229164?
True
Is 6918198 a multiple of 15?
False
Does 10 divide 17500248?
False
Is 477 a factor of 829601722?
False
Is 4100 a factor of 1349355100?
True
Is 361458100 a multiple of 100?
True
Does 24 divide 6158170?
False
Is 63 a factor of 441370575?
False
Does 182 divide 268156030?
False
Does 39 divide 529223583?
False
Is 225848300 a multiple of 5?
True
Is 463016531 a multiple of 4?
False
Is 64 a factor of 963048641?
False
Does 90 divide 1546480980?
True
Is 8090380 a multiple of 7?
False
Is 128937525 a multiple of 189?
False
Is 1033869687 a multiple of 109?
True
Is 2084 a factor of 25545380?
False
Is 96138049 a multiple of 679?
False
Does 13 divide 19722287?
True
Is 51508884 a multiple of 111?
True
Does 86 divide 998689706?
True
Does 50 divide 315786000?
True
Is 13308133 a multiple of 4?
False
Is 139 a factor of 1244128526?
False
Is 5 a factor of 6594130?
True
Does 272 divide 39435104?
True
Is 269650793 a multiple of 2489?
True
Is 597 a factor of 1142658?
True
Is 17 a factor of 8749760?
False
Is 2366413671 a multiple of 1447?
True
Is 636390 a multiple of 32?
False
Does 35 divide 205922990?
True
Is 2961963350 a multiple of 10?
True
Does 1601 divide 2095768237?
True
Is 57 a factor of 234015210?
True
Is 53674835 a multiple of 21?
False
Is 440108029 a multiple of 6?
False
Does 3429 divide 1137250994?
False
Is 55 a factor of 194753858?
False
Is 71568560 a multiple of 908?
True
Is 146113180 a multiple of 30?
False
Is 3 a factor of 8866944?
True
Is 21 a factor of 6822105?
False
Is 1114025920 a multiple of 35?
True
Does 486 divide 110540336?
False
Does 29 divide 112428708?
True
Is 80 a factor of 205306960?
True
Does 32 divide 152303360?
True
Does 2 divide 43084?
True
Is 912563092 a multiple of 7?
True
Is 11999655 a multiple of 111?
True
Is 2438335521 a multiple of 1293?
True
Is 221681207 a multiple of 5599?
True
Is 1979 a factor of 82907905?
False
Does 145 divide 168646493?
False
Is 3123873165 a multiple of 21?
True
Is 3 a factor of 5787258?
True
Is 3630989160 a multiple of 20?
True
Is 313350245 a multiple of 5?
True
Does 388 divide 73276949?
False
Does 34 divide 3946822?
True
Does 602 divide 183387720?
False
Is 33437477 a multiple of 337?
True
Is 5093848 a multiple of 99?
False
Does 17 divide 28846552?
True
Is 4941117 a multiple of 12?
False
Is 51 a factor of 35884802?
False
Is 151 a factor of 235751848?
False
Is 607 a factor of 728892663?
False
Is 1175 a factor of 56025423?
False
Is 163 a factor of 226957125?
True
Does 14 divide 16970288?
False
Does 5 divide 39181280?
True
Is 7 a factor of 29750259?
True
Does 79 divide 1713589?
True
Does 12 divide 95412245?
False
Is 2447 a factor of 400061758?
False
Is 5 a factor of 4391830?
True
Does 81 divide 39143250?
True
Is 768010705 a multiple of 114?
False
Is 19 a factor of 81168285?
True
Is 12 a factor of 995297093?
False
Is 4 a factor of 189194744?
True
Is 4536 a factor of 690696720?
True
Is 308 a factor of 18174185?
False
Does 10 divide 276632751?
False
Is 24 a factor of 2248950?
False
Is 412404246 a multiple of 18?
True
Is 37 a factor of 70717514?
False
Is 223342767 a multiple of 37?
True
Is 629893368 a multiple of 101?
True
Is 1509 a factor of 57132249?
True
Is 349 a factor of 77568603?
False
Does 451 divide 85658777?
False
Does 464 divide 15609888?
True
Does 49 divide 58842717?
False
Is 162 a factor of 260108338?
False
Is 280847 a multiple of 7?
True
Is 483231177 a multiple of 351?
True
Does 16 divide 1044020375?
False
